3?
True
Is 64626688 a multiple of 98?
True
Is 297633703 a multiple of 14?
False
Is 255536250 a multiple of 415?
True
Does 113 divide 9459343?
True
Does 596 divide 3493156?
True
Is 120490696 a multiple of 22?
False
Is 220 a factor of 3450040?
True
Is 10215453 a multiple of 29?
True
Does 73 divide 42116405?
False
Is 298955223 a multiple of 8?
False
Is 1781 a factor of 171678876?
False
Is 393236368 a multiple of 392?
True
Does 91 divide 13095992?
True
Does 10 divide 169794760?
True
Is 3888 a factor of 568833840?
True
Does 1263 divide 13177237?
False
Is 2375 a factor of 307619500?
True
Does 168 divide 322983696?
True
Is 25072376 a multiple of 3?
False
Is 197 a factor of 97427138?
True
Is 1126384995 a multiple of 3333?
False
Is 274100706 a multiple of 99?
True
Is 265239135 a multiple of 445?
True
Does 233 divide 276031354?
False
Is 513 a factor of 159699306?
False
Is 13 a factor of 445284531?
False
Is 2463 a factor of 16992237?
True
Is 445 a factor of 29240006?
False
Is 588422218 a multiple of 8032?
False
Is 493467392 a multiple of 836?
True
Does 71 divide 731076591?
False
Is 28 a factor of 883662055?
False
Is 65 a factor of 131053130?
True
Does 50 divide 2785729?
False
Is 2385367083 a multiple of 189?
False
Does 161 divide 31645516?
True
Does 242 divide 1513893815?
False
Does 615 divide 1270590?
True
Is 2429 a factor of 1205517641?
False
Does 542 divide 354255565?
False
Does 224 divide 18612384?
True
Is 66 a factor of 117262780?
False
Is 19538964 a multiple of 18?
True
Is 305832935 a multiple of 37?
True
Is 3439 a factor of 1880249177?
True
Is 141340794 a multiple of 5?
False
Is 22 a factor of 2359446405?
False
Is 2619 a factor of 411246903?
False
Is 291243358 a multiple of 457?
True
Does 79 divide 63743046?
True
Is 104 a factor of 79664520?
True
Is 2270482 a multiple of 3074?
False
Is 944268179 a multiple of 499?
True
Is 773161830 a multiple of 105?
True
Is 880 a factor of 456887711?
False
Does 60 divide 37574992?
False
Is 504 a factor of 243603756?
False
Is 8113644 a multiple of 4?
True
Is 2942 a factor of 630944262?
True
Is 49639097 a multiple of 224?
False
Does 270 divide 65459820?
False
Is 42 a factor of 59915352?
True
Does 16 divide 38344839?
False
Is 869374 a multiple of 86?
True
Is 105 a factor of 913330224?
False
Does 93 divide 83444046?
False
Is 71510508 a multiple of 181?
False
Is 1574 a factor of 165236849?
False
Is 28357198 a multiple of 786?
False
Is 31 a factor of 48943947?
True
Does 67 divide 224058720?
True
Is 88504978 a multiple of 82?
True
Is 194 a factor of 691062726?
True
Is 505 a factor of 21734190?
True
Is 256235518 a multiple of 826?
False
Is 20 a factor of 74149140?
True
Is 2191640190 a multiple of 7765?
True
Is 43 a factor of 1237582269?
True
Is 158001486 a multiple of 197?
True
Does 37 divide 18477282?
True
Is 1453067400 a multiple of 534?
True
Does 48 divide 1470622176?
True
Is 81 a factor of 152436411?
True
Is 64 a factor of 248869440?
True
Is 2982 a factor of 314105988?
True
Is 1648 a factor of 4845634176?
True
Is 26610038 a multiple of 21?
False
Is 13601801 a multiple of 5?
False
Is 122225209 a multiple of 4133?
True
Is 201693233 a multiple of 23?
True
Does 331 divide 8526823?
False
Is 1822 a factor of 34526018?
False
Is 2146 a factor of 167129004?
False
Does 506 divide 405624780?
True
Is 8343986 even?
True
Does 126 divide 68600295?
False
Does 12 divide 40700748?
True
Does 367 divide 1296368995?
False
Does 4 divide 3409385?
False
Is 228255419 a multiple of 20?
False
Is 8427 a factor of 2246474016?
False
Is 42 a factor of 75982923?
False
Is 43347825 a multiple of 675?
True
Is 52 a factor of 660503982?
False
Is 173358274 a multiple of 57?
False
Does 164 divide 148739243?
False
Does 979 divide 1759441847?
False
Is 8373 a factor of 1106399847?
True
Is 20809142 a multiple of 209?
False
Is 34121720 a multiple of 278?
True
Does 18 divide 539595215?
False
Does 14 divide 76910456?
True
Does 1040 divide 24781120?
True
Does 86 divide 496340314?
True
Is 84502595 a multiple of 1754?
False
Does 175 divide 51412375?
True
Is 2276 a factor of 522246408?
True
Does 82 divide 5645536?
True
Is 2033237756 a multiple of 1606?
True
Is 586690033 a multiple of 7529?
False
Does 726 divide 64581580?
False
Is 6 a factor of 37198338?
True
Is 206 a factor of 671709350?
True
Is 12495 a factor of 250299840?
True
Does 790 divide 259138515?
False
Does 12 divide 43877004?
True
Is 159 a factor of 279713511?
False
Does 643 divide 197753769?
False
Is 118564166 a multiple of 14?
True
Does 18 divide 46917727?
False
Is 2525545862 a multiple of 26?
False
Does 94 divide 1051663194?
False
Is 18138826 a multiple of 13?
False
Is 53 a factor of 26718023?
False
Is 506 a factor of 4295940?
True
Is 323 a factor of 187201756?
True
Does 1039 divide 91887082?
True
Is 25590500 a multiple of 125?
True
Does 40 divide 541035014?
False
Is 27 a factor of 730582497?
True
Is 338 a factor of 1009234?
False
Is 1394415000 a multiple of 24?
True
Is 10 a factor of 14353282?
False
Does 16 divide 37725979?
False
Is 133595018 a multiple of 13?
False
Does 9 divide 31856112?
True
Is 5462937 a multiple of 4?
False
Does 1022 divide 151979120?
False
Does 85 divide 768121939?
False
Is 99 a factor of 418115808?
True
Is 2 a factor of 703135375?
False
Is 26 a factor of 173956044?
False
Does 226 divide 26456916?
True
Is 52 a factor of 13816140?
True
Is 142 a factor of 832857706?
False
Does 1968 divide 480290400?
True
Is 93 a factor of 1965334988?
False
Is 1400 a factor of 625133647?
False
Is 178066338 a multiple of 3556?
False
Is 2181 a factor of 16935465?
True
Is 20779733 a multiple of 121?
False
Does 465 divide 142317900?
True
Is 147947041 a multiple of 2959?
True
Is 878 a factor of 1538788068?
True
Is 1085 a factor of 803654075?
True
Is 62543460 a multiple of 10?
True
Does 294 divide 13199384?
False
Is 68 a factor of 1641543950?
False
Is 6 a factor of 46023752?
False
Is 99 a factor of 4716769891?
False
Is 250889760 a multiple of 1760?
True
Is 1131 a factor of 364430885?
False
Is 21 a factor of 7238613?
False
Is 6061649 even?
False
Is 404 a factor of 315773632?
False
Does 502 divide 76688532?
True
Is 2091 a factor of 854639529?
False
Does 30 divide 38790540?
True
Does 397 divide 1592620286?
True
Does 5 divide 1135007745?
True
Is 14370860 a multiple of 644?
True
Is 543779984 a multiple of 16?
True
Is 18318035 a multiple of 515?
True
Is 173869848 a multiple of 4062?
True
Is 56971811 a multiple of 13?
True
Is 12 a factor of 318439305?
False
Does 108 divide 107224452?
True
Is 536323424 a multiple of 317?
True
Is 615119940 a multiple of 89?
True
Is 82212816 a multiple of 168?
True
Is 136858624 a multiple of 32?
True
Is 107817880 a multiple of 313?
False
Is 111 a factor of 2309330691?
True
Is 506 a factor of 43065660?
True
Is 13701690 a multiple of 310?
True
Is 34708724 a multiple of 188?
False
Does 21 divide 97505676?
False
Is 161653476 a multiple of 69?
True
Is 35 a factor of 2955820?
True
Does 832 divide 24540672?
True
Is 4 a factor of 1850099438?
False
Is 1494040464 a multiple of 160?
False
Does 30 divide 32909100?
True
Does 650 divide 727032150?
True
Is 15 a factor of 310877368?
False
Is 73768407 a multiple of 48?
False
Is 251230081 a multiple of 26?
False
Does 277 divide 227723085?
True
Is 29 a factor of 204250016?
True
Does 10 divide 292150520?
True
Is 6 a factor of 5799840?
True
Is 295621800 a multiple of 566?
True
Does 341 divide 16439732?
False
Does 1701 divide 3236139694?
False
Is 86 a factor of 41087704?
True
Does 49 divide 804923?
True
Is 16470238 a multiple of 31?
True
Is 11114719 a multiple of 539?
True
Does 14 divide 139945602?
False
Does 23 divide 131021639?
True
Is 286485600 a multiple of 1264?
True
Is 96 a factor of 46947936?
True
Is 1316242 a multiple of 11?
False
Does 19 divide 49145647?
True
Is 16785234 a multiple of 19?
False
Is 61 a factor of 51809794?
False
Is 13 a factor of 270173216?
False
Does 5 divide 46386215?
True
Is 4 a factor of 23185596?
True
Does 37 divide 46244903?
False
Is 2032728381 a multiple of 927?
True
Is 146917838 a multiple of 7?
False
Is 16695497 a multiple of 1619?
False
Does 194 divide 1725687140?
False
Is 552 a factor of 14359476?
False
Is 309481153 even?
False
Does 41 divide 1092558275?
False
Is 403 a factor of 26276097?
False
Is 24129784 a multi